{"id":153,"date":"2014-10-16T15:53:44","date_gmt":"2014-10-16T13:53:44","guid":{"rendered":"http:\/\/www.asturfuel.com\/web\/?page_id=153"},"modified":"2024-02-26T20:48:55","modified_gmt":"2024-02-26T18:48:55","slug":"gasoleo-c","status":"publish","type":"page","link":"https:\/\/www.asturfuel.com\/web\/productos\/gasoleo-c\/","title":{"rendered":"Gas\u00f3leo C"},"content":{"rendered":"\n<h3 class=\"wp-block-heading\"><a href=\"http:\/\/www.asturfuel.com\/web\/wp-content\/uploads\/2014\/11\/GOC.jpg\"><img loading=\"lazy\" decoding=\"async\" class=\"alignnone wp-image-219 size-thumbnail\" src=\"http:\/\/www.asturfuel.com\/web\/wp-content\/uploads\/2014\/11\/GOC-150x150.jpg\" alt=\"GOC\" width=\"150\" height=\"150\" srcset=\"https:\/\/www.asturfuel.com\/web\/wp-content\/uploads\/2014\/11\/GOC-150x150.jpg 150w, https:\/\/www.asturfuel.com\/web\/wp-content\/uploads\/2014\/11\/GOC-100x101.jpg 100w\" sizes=\"auto, (max-width: 150px) 100vw, 150px\" \/><\/a><\/h3>\n\n\n\n<h3 class=\"wp-block-heading\">Descripci\u00f3n:<\/h3>\n\n\n\n<p>El gas\u00f3leo del tipo C es el utilizado como combustible en calefacciones. Al igual que los otros tipos de gas\u00f3leos, su color original es transparente pero se le a\u00f1ade un colorante verde para diferenciarlo. Del mismo modo que el gas\u00f3leo B, no es necesario mezclarlo con Biodiesel. Comparte con las otras dos clases de gas\u00f3leo la mayor parte de sus propiedades, aunque posee como principal diferencia, una mayor densidad. En cuanto a su fiscalidad, tiene el mismo tipo de impuesto reducido que el gas\u00f3leo B lo que hace que su precio sea pr\u00e1cticamente igual.<\/p>\n\n\n\n<p><a href=\"http:\/\/www.asturfuel.com\/web\/wp-content\/uploads\/2014\/10\/GASOLEO-C_DMA.pdf\">Ficha t\u00e9cnica<\/a><\/p>\n\n\n\n<p>Asturfuel recomienda el uso del gas\u00f3leo B como combustible para calefacci\u00f3n.<\/p>\n\n\n\n<figure class=\"wp-block-embed is-type-wp-embed is-provider-asturfuel wp-block-embed-asturfuel\"><div class=\"wp-block-embed__wrapper\">\n<blockquote class=\"wp-embedded-content\" data-secret=\"JAJ4P2prKm\"><a href=\"https:\/\/www.asturfuel.com\/web\/ufaq\/por-que-gasoleo-b-y-no-c-para-la-calefaccion\/\">\u00bfPor qu\u00e9 gas\u00f3leo B y no C para la calefacci\u00f3n?<\/a><\/blockquote><iframe loading=\"lazy\" class=\"wp-embedded-content\" sandbox=\"allow-scripts\" security=\"restricted\" style=\"position: absolute; visibility: hidden;\" title=\"\u00ab\u00bfPor qu\u00e9 gas\u00f3leo B y no C para la calefacci\u00f3n?\u00bb \u2014 Asturfuel\" src=\"https:\/\/www.asturfuel.com\/web\/ufaq\/por-que-gasoleo-b-y-no-c-para-la-calefaccion\/embed\/#?secret=3PpbeWpkmD#?secret=JAJ4P2prKm\" data-secret=\"JAJ4P2prKm\" width=\"600\" height=\"338\" frameborder=\"0\" marginwidth=\"0\" marginheight=\"0\" scrolling=\"no\"><\/iframe>\n<\/div><\/figure>\n","protected":false},"excerpt":{"rendered":"<p>Descripci\u00f3n: El gas\u00f3leo del tipo C es el utilizado como combustible en calefacciones. Al igual que los otros tipos de gas\u00f3leos, su color original es transparente pero se le a\u00f1ade un colorante verde para diferenciarlo. Del mismo modo que el &hellip;<\/p>\n<p class=\"read-more\"> <a class=\"more-link\" href=\"https:\/\/www.asturfuel.com\/web\/productos\/gasoleo-c\/\"> <span class=\"screen-reader-text\">Gas\u00f3leo C<\/span> Leer m\u00e1s \u00bb<\/a><\/p>\n","protected":false},"author":1,"featured_media":0,"parent":65,"menu_order":3,"comment_status":"closed","ping_status":"closed","template":"","meta":{"footnotes":""},"class_list":["post-153","page","type-page","status-publish","hentry"],"_links":{"self":[{"href":"https:\/\/www.asturfuel.com\/web\/wp-json\/wp\/v2\/pages\/153","targetHints":{"allow":["GET"]}}],"collection":[{"href":"https:\/\/www.asturfuel.com\/web\/wp-json\/wp\/v2\/pages"}],"about":[{"href":"https:\/\/www.asturfuel.com\/web\/wp-json\/wp\/v2\/types\/page"}],"author":[{"embeddable":true,"href":"https:\/\/www.asturfuel.com\/web\/wp-json\/wp\/v2\/users\/1"}],"replies":[{"embeddable":true,"href":"https:\/\/www.asturfuel.com\/web\/wp-json\/wp\/v2\/comments?post=153"}],"version-history":[{"count":9,"href":"https:\/\/www.asturfuel.com\/web\/wp-json\/wp\/v2\/pages\/153\/revisions"}],"predecessor-version":[{"id":545,"href":"https:\/\/www.asturfuel.com\/web\/wp-json\/wp\/v2\/pages\/153\/revisions\/545"}],"up":[{"embeddable":true,"href":"https:\/\/www.asturfuel.com\/web\/wp-json\/wp\/v2\/pages\/65"}],"wp:attachment":[{"href":"https:\/\/www.asturfuel.com\/web\/wp-json\/wp\/v2\/media?parent=153"}],"curies":[{"name":"wp","href":"https:\/\/api.w.org\/{rel}","templated":true}]}}