{"id":275,"date":"2015-02-04T18:45:58","date_gmt":"2015-02-04T16:45:58","guid":{"rendered":"http:\/\/www.asturfuel.com\/web\/?page_id=275"},"modified":"2022-06-14T17:48:13","modified_gmt":"2022-06-14T15:48:13","slug":"politica-de-cookies","status":"publish","type":"page","link":"https:\/\/www.asturfuel.com\/web\/politica-de-cookies\/","title":{"rendered":"Politica de cookies"},"content":{"rendered":"<table style=\"height: =;\" width=\"838\">\n<tbody>\n<tr>\n<td colspan=\"2\" width=\"576\">Informaci\u00f3n b\u00e1sica sobre protecci\u00f3n de datos<\/td>\n<\/tr>\n<tr>\n<td width=\"283\">Responsable del tratamiento<\/td>\n<td width=\"293\">ASTURFUEL, S.L.<\/td>\n<\/tr>\n<tr>\n<td width=\"283\">Finalidad del tratamiento<\/td>\n<td width=\"293\">Navegaci\u00f3n por la web y mejora de la experiencia del usuario.<\/td>\n<\/tr>\n<tr>\n<td width=\"283\">Legitimaci\u00f3n para el tratamiento de sus datos personales<\/td>\n<td width=\"293\">Consentimiento del interesado, inter\u00e9s leg\u00edtimo del responsable.<\/td>\n<\/tr>\n<tr>\n<td width=\"283\">Destinatarios<\/td>\n<td width=\"293\">Pueden realizarse comunicaciones a terceros de los datos personales de los usuarios, previa solicitud de su consentimiento expreso para ello, salvo obligaci\u00f3n legal o ejecuciones de contratos.<\/td>\n<\/tr>\n<tr>\n<td width=\"283\">Derechos<\/td>\n<td width=\"293\">Puede ejercer los derechos de acceso, rectificaci\u00f3n, supresi\u00f3n, limitaci\u00f3n del tratamiento, portabilidad, oposici\u00f3n y a no ser objeto de decisiones automatizadas, incluyendo la elaboraci\u00f3n de perfiles.<\/td>\n<\/tr>\n<tr>\n<td width=\"283\">Informaci\u00f3n adicional<\/td>\n<td width=\"293\">Puede consultar informaci\u00f3n adicional y detallada sobre protecci\u00f3n de datos en la presente Pol\u00edtica de <em>Cookies<\/em>, en nuestro <a href=\"https:\/\/www.asturfuel.com\/web\/aviso-legal\/\"><u>Aviso legal<\/u><\/a> , en la <a href=\"https:\/\/www.asturfuel.com\/web\/politica-de-privacidad\/\"><u>Pol\u00edtica de Privacidad<\/u><\/a>\u00a0 y en los <a href=\"https:\/\/www.asturfuel.com\/web\/terminos-y-condiciones\/\"><u>T\u00e9rminos y condiciones<\/u><\/a>\u00a0 del presente sitio web.<\/td>\n<\/tr>\n<\/tbody>\n<\/table>\n<p>Desde ASTURFUEL, S.L., como titular del presente sitio web, le informamos de que utilizamos dispositivos de almacenamiento y recuperaci\u00f3n de datos (denominados <em>cookies<\/em>) durante la navegaci\u00f3n de los usuarios por el sitio web.<\/p>\n<h2>\u00a0\u00bf<u>Qu\u00e9 es una <em>cookie<\/em><\/u>?<\/h2>\n<p>Una <em>cookie<\/em> es un archivo (normalmente, de peque\u00f1o tama\u00f1o) enviado por un sitio web que se descarga y almacena en el navegador del usuario, de manera que el sitio web puede consultar la actividad previa del navegador, as\u00ed, es posible identificar al usuario que visita un sitio web y llevar un registro de su actividad en el mismo. Es decir, la <em>cookie <\/em>es un archivo que contiene peque\u00f1as cantidades de informaci\u00f3n que se descargan a su terminal (ordenador o dispositivo m\u00f3vil) cuando visita un sitio y permite que un sitio web reconozca su dispositivo y a usted como usuario.<\/p>\n<p>En este sentido, este sitio web utiliza <em>cookies <\/em>y\/o tecnolog\u00edas similares que almacenan y recuperan informaci\u00f3n cuando usted navega. Con car\u00e1cter general, estas tecnolog\u00edas sirven para finalidades diversas, como, por ejemplo:<\/p>\n<ul>\n<li>Reconocerle como usuario.<\/li>\n<li>Obtener informaci\u00f3n sobre sus h\u00e1bitos de navegaci\u00f3n.<\/li>\n<li>Analizar preferencias y otras funciones de personalizaci\u00f3n de la navegaci\u00f3n del usuario (personalizar la forma en la que se muestra el contenido).<\/li>\n<\/ul>\n<p><u>\u00a0<\/u><\/p>\n<p>Los usos concretos que hacemos de estas tecnolog\u00edas se describen a continuaci\u00f3n. En ASTURFUEL, S.L. no empleamos estas tecnolog\u00edas para elaborar perfiles de los usuarios que impliquen la toma de decisiones automatizadas con efectos jur\u00eddicos para los mismos o que les afecten significativamente de modo similar.<\/p>\n<h2>\u00bf<u>Qu\u00e9 tipos de <em>cookies<\/em> utiliza el presente sitio web y con qu\u00e9 finalidad<\/u>?<\/h2>\n<p>De conformidad con lo dispuesto en la <em><u>Gu\u00eda sobre el uso de las <\/u><\/em><u>cookies<\/u>, publicada por la Agencia Espa\u00f1ola de Protecci\u00f3n de Datos de la Agencia Espa\u00f1ola de Protecci\u00f3n de Datos (AEPD), se puede realizar una triple clasificaci\u00f3n de las mismas (en funci\u00f3n de la entidad que las gestiona, del tiempo que permanecen activadas y de su finalidad), sin perjuicio de que una misma <em>cookie <\/em>pueda estar incluida en m\u00e1s de una categor\u00eda, dependiendo del criterio de ordenaci\u00f3n.<\/p>\n<p>Se ofrece a continuaci\u00f3n una clasificaci\u00f3n de <em>cookies<\/em> en funci\u00f3n de una serie de categor\u00edas.<\/p>\n<ol>\n<li><u>Seg\u00fan la entidad que gestiona<\/u> el equipo o dominio desde donde se env\u00edan y que trata los datos que se obtengan, podemos distinguir entre:<\/li>\n<\/ol>\n<ul>\n<li><strong><em>Cookies <\/em><\/strong><strong>propias<\/strong>: son las enviadas al terminal del usuario desde un equipo o dominio gestionado por el titular del sitio web y desde el cual se presta el servicio al usuario.<\/li>\n<li><strong><em>Cookies <\/em><\/strong><strong>de terceros<\/strong>: son las enviadas al terminal del usuario desde un equipo no gestionado por el titular del sitio web, sino por una tercera entidad que trata los datos obtenidos a trav\u00e9s de las mismas. Tambi\u00e9n ser\u00e1n as\u00ed consideradas las que son servidas desde un equipo o dominio del titular del sitio web, pero la informaci\u00f3n recogida es gestionada por un tercero para sus propias finalidades. Si desea conocer m\u00e1s informaci\u00f3n acerca de las pol\u00edticas de privacidad de terceros, puede consultar los enlaces a las mismas en la<a href=\"#tabla_cookies\"> <strong><u>tabla de <em>cookies <\/em>de este apartado<\/u><\/strong>.<\/a><\/li>\n<\/ul>\n<p><u>\u00a0<\/u><\/p>\n<ol start=\"2\">\n<li><u>Seg\u00fan el tiempo que permanecen activadas<\/u>:<\/li>\n<\/ol>\n<ul>\n<li><strong><em>Cookies <\/em><\/strong><strong>de sesi\u00f3n o temporales<\/strong>: recaban y almacenan informaci\u00f3n durante el acceso del usuario al sitio web y desaparecen o se eliminan una vez finalizado dicho acceso, ya que est\u00e1n destinadas a la prestaci\u00f3n del servicio solicitado en una \u00fanica ocasi\u00f3n (p. ej.: lista de productos adquiridos), por lo que no quedan instaladas en el terminal del usuario. Dado que su caducidad est\u00e1 relacionada con su finalidad, se pueden considerar exceptuadas de la necesidad de consentimiento.<\/li>\n<li><strong><em>Cookies <\/em><\/strong><strong>persistentes o permanentes<\/strong>: mantienen los datos almacenados en el terminal del usuario, pudiendo ser accedidos y tratados durante un periodo definido (fecha de expiraci\u00f3n) por el responsable de la <em>cookie<\/em>. Ayudan a los sitios web a recordar la informaci\u00f3n de los usuarios y sus ajustes para identificarlos cada vez que vuelvan a visitarla (por ejemplo, para no tener que iniciar sesi\u00f3n de nuevo, selecci\u00f3n de idioma, preferencias de men\u00fa\u2026).<\/li>\n<\/ul>\n<p><u>\u00a0<\/u><\/p>\n<ol start=\"3\">\n<li><u>Seg\u00fan su finalidad<\/u> para la que se traten los datos obtenidos:<\/li>\n<\/ol>\n<ul>\n<li><strong><em>Cookies <\/em><\/strong><strong>t\u00e9cnicas<\/strong>: son las que, tratadas por nosotros o por terceros, permiten al usuario la navegaci\u00f3n por el sitio web, as\u00ed como el uso de las diferentes funcionalidades y servicios del mismo (por ejemplo: controlar el tr\u00e1fico, identificar la sesi\u00f3n, recordar los elementos que integran un pedido, gestionar pagos, utilizar elementos de seguridad durante la navegaci\u00f3n, habilitar la carga de textos o im\u00e1genes\u2026). Tambi\u00e9n forman parte de esta categor\u00eda las que permiten una gesti\u00f3n eficaz de aquellos espacios publicitarios incluidos como un elemento m\u00e1s del dise\u00f1o o maquetaci\u00f3n del sitio web pero que no recopilan informaci\u00f3n adicional (por ejemplo, para personalizar ese contenido publicitario u otros). Este tipo de <em>cookies<\/em> se encuentran exceptuadas de la obtenci\u00f3n de consentimiento, siempre que no se destinen a otras finalidades, por lo que no se pueden deshabilitar.<\/li>\n<li><strong><em>Cookies <\/em><\/strong><strong>anal\u00edticas o de medici\u00f3n (rendimiento)<\/strong>: son aquellas que, tratadas por nosotros o por terceros, permiten cuantificar el n\u00famero de usuarios y realizar el seguimiento y an\u00e1lisis estad\u00edstico del comportamiento de los usuarios de los sitios web (es decir, saber lo que estos hacen en la web mientras navegan por ella). Se destinan a la elaboraci\u00f3n de los perfiles de navegaci\u00f3n de los usuarios y\/o a la medici\u00f3n de la actividad de los sitios web, con el fin de introducir mejoras en los productos o servicios ofertados y detectar errores.<\/li>\n<li><strong><em>Cookies <\/em><\/strong><strong>de preferencias o personalizaci\u00f3n<\/strong>: son aquellas que, tratadas por nosotros o por terceros, permiten recordar informaci\u00f3n para que el usuario acceda al servicio con algunas caracter\u00edsticas de car\u00e1cter general predefinidas, para diferenciar su experiencia de las de otros usuarios (p. ej.: idioma, aspecto del servicio en funci\u00f3n del tipo de navegador\u2026). Si es el propio usuario quien elige tales caracter\u00edsticas, estas <em>cookies<\/em> tambi\u00e9n est\u00e1n exceptuadas de la obtenci\u00f3n del correspondiente consentimiento, siempre que no se destinen a otras finalidades.<\/li>\n<li><strong><em>Cookies <\/em><\/strong><strong>de publicidad comportamental<\/strong>: son las que, tratadas por nosotros o por terceros, almacenan informaci\u00f3n acerca de los h\u00e1bitos de navegaci\u00f3n de los usuarios, con el objetivo de desarrollar una publicidad espec\u00edfica basada en sus intereses.<\/li>\n<\/ul>\n<p>Con relaci\u00f3n al uso concreto de <em>cookies<\/em> por el presente sitio web, desde ASTURFUEL, S.L. le informamos de que utilizamos <em>cookies<\/em> propias o de terceros para algunas de las cuales no es necesario o est\u00e1n exentas de obtener el consentimiento de los usuarios (en concreto, aquellas que permiten el funcionamiento y la prestaci\u00f3n de los servicios ofrecidos en el mismo), por encontrarse excluidas del cumplimiento de las obligaciones se\u00f1aladas en el art\u00edculo 22.2 de la LSSI. Asimismo, el presente sitio web tambi\u00e9n podr\u00e1 utilizar <em>cookies<\/em> que s\u00ed requerir\u00e1n la informaci\u00f3n y el consentimiento de los usuarios.<\/p>\n<p>Debe tenerse en cuenta igualmente que una misma <em>cookie<\/em> puede tener m\u00e1s de una finalidad (<em>cookies<\/em> polivalentes), por lo que existe la posibilidad de que una <em>cookie<\/em> quede exceptuada de la necesidad de obtenci\u00f3n del consentimiento para una o varias de sus finalidades, pero no para otras. Es decir, puede que, para una misma <em>cookie<\/em>, se le solicite consentimiento para una o varias finalidades, pero no para las restantes \u2014sin perjuicio de que, para conocimiento de los usuarios, se informe de todas las <em>cookies<\/em> empleadas en este sitio web y de todas sus finalidades, independientemente de que sea o no necesario su consentimiento\u2014. En caso de que alguna de las <em>cookies<\/em> polivalentes se destine a varias finalidades cuyo consentimiento deba ser requerido para todas ellas, se procurar\u00e1 su utilizaci\u00f3n cuando las finalidades sean aceptadas en su totalidad, salvo que nuestro sistema de gesti\u00f3n nos permita ofrecer un tratamiento diferenciado para cada una de ellas, en cuyo caso operar\u00e1n \u00fanicamente para las finalidades aceptadas.<\/p>\n<p><strong><u>Cookies empleadas por este sitio web<\/u><\/strong>.<\/p>\n<p>A continuaci\u00f3n, se relacionan todas las <em>cookies<\/em> instaladas y empleadas espec\u00edficamente por <a href=\"http:\/\/www.asturfuel.com\/\">www.asturfuel.com<\/a>. Usted podr\u00e1 conocer cu\u00e1les son, su finalidad, la entidad que la gestiona (con la posibilidad de acceder a las pol\u00edticas de privacidad de terceros, en caso de que sean gestionadas de forma externa a ASTURFUEL, S.L.) y aceptar o rechazar cada una de ellas, siempre que se requiera el consentimiento para su instalaci\u00f3n conforme a la normativa vigente. Los datos recopilados por las <em>cookies<\/em> en cuesti\u00f3n se mostrar\u00e1n cuando se elaboren perfiles de los usuarios (por ejemplo, en el caso de las <em>cookies<\/em> de publicidad).<\/p>\n<table id=\"tabla_cookies\">\n<tbody>\n<tr>\n<td width=\"162\"><strong>Nombre de la cookie<\/strong><\/td>\n<td width=\"131\"><strong>Tipo de cookie<\/strong><\/td>\n<td width=\"131\"><strong>\u00bfQui\u00e9n instala la cookie?<\/strong><\/td>\n<td width=\"219\"><strong>Finalidad de la cookie<\/strong><\/td>\n<\/tr>\n<tr>\n<td width=\"162\">gdpr[allowed_cookies]<\/td>\n<td width=\"131\">Propia &#8211; Permanente<\/td>\n<td width=\"131\">Asturfuel S.L.<\/td>\n<td width=\"219\">Cookie que guarda las prefencias de la pol\u00edtica de cookies.<\/td>\n<\/tr>\n<tr>\n<td width=\"162\">gdpr[consent_types]<\/td>\n<td width=\"131\">Propia &#8211; Permanente<\/td>\n<td width=\"131\">Asturfuel S.L.<\/td>\n<td width=\"219\">Cookie que guarda las prefencias de la pol\u00edtica de consentimiento.<\/td>\n<\/tr>\n<tr>\n<td width=\"162\">wordpress_clef_session<\/td>\n<td width=\"131\">Propia &#8211; De sesi\u00f3n<\/td>\n<td width=\"131\">Asturfuel S.L.<\/td>\n<td width=\"219\">Cookie que identifica la sesi\u00f3n del usuario.<\/td>\n<\/tr>\n<tr>\n<td width=\"162\">_ga<\/td>\n<td width=\"131\">De terceros &#8211; Anal\u00edtica<\/td>\n<td width=\"131\"><a href=\"https:\/\/www.google.com\/intl\/es_ES\/analytics\/learn\/privacy.html\">Google Inc.<\/a><\/td>\n<td width=\"219\">Utiliza un identificador an\u00f3nimo para distinguir usuarios an\u00f3nimos y realizar an\u00e1lisis sobre las interacciones de los usuarios en la aplicaci\u00f3n con el fin de optimizar los servicios que se ofrecen. Tiene una duraci\u00f3n de 2 a\u00f1os.<\/td>\n<\/tr>\n<tr>\n<td width=\"162\">_gat:<\/td>\n<td width=\"131\">De terceros &#8211; analitica<\/td>\n<td width=\"131\"><a href=\"https:\/\/www.google.com\/intl\/es_ES\/analytics\/learn\/privacy.html\">Google Inc.<\/a><\/td>\n<td width=\"219\">Se usa para diferenciar entre los diferentes objetos de seguimiento creados en la sesi\u00f3n. Tiene una duraci\u00f3n de 10 minutos.<\/td>\n<\/tr>\n<\/tbody>\n<\/table>\n<p style=\"text-align: center;\"><a href=\"\/#gdpr_cookie_modal\">Ajustes<\/a><\/p>\n<h2>\u00bf<u>Puede revocar su consentimiento y eliminar las <em>cookies<\/em><\/u>?<\/h2>\n<p>Desde ASTURFUEL, S.L. le informamos de que tiene a su disposici\u00f3n diversas formas de revocar el consentimiento prestado para el uso de las <em>cookies<\/em> (exceptuando aquellas de las que no se requiera su obtenci\u00f3n, conforme a lo dispuesto en la legislaci\u00f3n vigente).<\/p>\n<ol>\n<li>En primer lugar, puede acudir a la tabla situada en el apartado anterior para gestionar la instalaci\u00f3n de las <em>cookies<\/em>.<\/li>\n<\/ol>\n<ol start=\"2\">\n<li>Puede configurar su navegador para permitir, bloquear, eliminar o desactivar las <em>cookies<\/em> instaladas en su equipo o terminal, mediante la configuraci\u00f3n de las opciones del navegador que emplee. En caso de que no permita la instalaci\u00f3n de <em>cookies<\/em> en su navegador, es posible que no pueda acceder a alguno de los apartados o funcionalidades del presente sitio web. Para configurar el navegador y desactivar o administrar la instalaci\u00f3n de <em>cookies<\/em> (incluso si ha aceptado <em>cookies <\/em>de terceros para la navegaci\u00f3n por el presente sitio web y, posteriormente, desea eliminarlas), puede obtener m\u00e1s informaci\u00f3n haciendo clic en los enlaces que le proporcionamos a continuaci\u00f3n, en funci\u00f3n del navegador que utilice:<\/li>\n<\/ol>\n<ul>\n<li><a href=\"http:\/\/support.google.com\/chrome\/bin\/answer.py?hl=es&amp;answer=95647\">Google Chrome<\/a><\/li>\n<li><a href=\"http:\/\/support.mozilla.org\/es\/kb\/cookies-informacion-que-los-sitios-web-guardan-en-?redirectlocale=en-US&amp;redirectslug=Cookies\">Mozilla Firefox<\/a><\/li>\n<li><a href=\"https:\/\/support.microsoft.com\/es-es\/help\/17442\/windows-internet-explorer-delete-manage-cookies\">Internet Explorer<\/a><\/li>\n<li><a href=\"http:\/\/www.opera.com\/help\/tutorials\/security\/privacy\/\">Opera<\/a><\/li>\n<li><a href=\"http:\/\/support.apple.com\/kb\/PH5042\">Safari web<\/a><\/li>\n<li><a href=\"http:\/\/support.apple.com\/kb\/HT1677\">Safari IOS<\/a><\/li>\n<\/ul>\n<p><u>\u00a0<\/u><\/p>\n<ol start=\"3\">\n<li>Tambi\u00e9n podr\u00e1, si lo desea, consultar las pol\u00edticas de privacidad de terceros mediante los enlaces de la<a href=\"#tabla_cookies\"> <u>tabla de cookies del apartado anterior<\/u>\u00a0<\/a> para configurar sus preferencias (aceptaci\u00f3n, eliminaci\u00f3n, etc.) con relaci\u00f3n a las <em>cookies <\/em>correspondientes, en funci\u00f3n de qui\u00e9n las trate.<\/li>\n<\/ol>\n<h2>\u00a0\u00bf<u>Se realizan transferencias a terceros pa\u00edses<\/u>?<\/h2>\n<p>Desde ASTURFUEL, S.L. no realizamos transferencias a terceros pa\u00edses, pero los terceros identificados en esta <u><a href=\"https:\/\/www.asturfuel.com\/web\/politica-de-cookies\/\">Pol\u00edtica de<\/a> <em>Cookies<\/em><\/u> podr\u00edan hacerlo. Usted puede informarse de las transferencias a terceros pa\u00edses que, en su caso, realizan dichos terceros en sus correspondientes pol\u00edticas (para ello, tiene a su disposici\u00f3n los enlaces facilitados en la <a href=\"#tabla_cookies\"><u>tabla de <em>cookies<\/em><\/u>\u00a0<\/a> empleadas por este sitio web).<\/p>\n<h2>\u00bf<u>Durante cu\u00e1nto tiempo conservaremos sus datos<\/u>?<\/h2>\n<p>Sus datos de car\u00e1cter personal podr\u00e1n ser conservados mientras resulten de utilidad para los fines que motivaron su obtenci\u00f3n (se\u00f1alados en esta <u><a href=\"https:\/\/www.asturfuel.com\/web\/politica-de-cookies\/\">Pol\u00edtica de<\/a> <em>Cookies<\/em><\/u>, en funci\u00f3n de la finalidad de las <em>cookies<\/em> empleadas) y, en todo caso, siempre que usted no haya solicitado su eliminaci\u00f3n. No mantendremos sus datos m\u00e1s tiempo del necesario, respetando siempre lo dispuesto en la normativa vigente en materia de protecci\u00f3n de datos de car\u00e1cter personal.<\/p>\n<p>En todo caso, la validez del consentimiento otorgado para el uso de las <em>cookies<\/em> tendr\u00e1 una duraci\u00f3n m\u00e1xima de 24 meses \u2014a no ser que usted revoque su consentimiento de forma previa a la finalizaci\u00f3n de dicho periodo\u2014 y, durante el tiempo que se conserve la selecci\u00f3n realizada, no se le solicitar\u00e1 un nuevo consentimiento cada vez que visite el presente sitio web.<\/p>\n<h2><strong>\u00bf<u>Existen otras cuestiones que, como usuario, deba conocer<\/u>?<\/strong><\/h2>\n<p>Desde ASTURFUEL, S.L. nos reservamos el derecho de actualizar la presente <a href=\"https:\/\/www.asturfuel.com\/web\/politica-de-cookies\/\"><u>Pol\u00edtica de <em>Cookies<\/em><\/u>,<\/a> para dar cumplimiento a exigencias legales o t\u00e9cnicas. Por este motivo, le recomendamos que revise esta <a href=\"https:\/\/www.asturfuel.com\/web\/politica-de-cookies\/\"><u>Pol\u00edtica<\/u><\/a> peri\u00f3dicamente, con el objetivo de estar adecuadamente informado acerca de las <em>cookies<\/em> que emplea el presente sitio web y de sus finalidades.<\/p>\n<p>Para conocer sus derechos y obtener m\u00e1s informaci\u00f3n, puede consultar nuestra <a href=\"https:\/\/www.asturfuel.com\/web\/politica-de-privacidad\/\"><u>Pol\u00edtica de Privacidad<\/u>\u00a0<\/a> y nuestro <a href=\"https:\/\/www.asturfuel.com\/web\/aviso-legal\/\"><u>Aviso legal<\/u><\/a>.<\/p>\n<p>Si desea obtener m\u00e1s informaci\u00f3n sobre nuestras pol\u00edticas en materia de protecci\u00f3n de datos, puede ponerse en contacto con nosotros a trav\u00e9s de la direcci\u00f3n de correo electr\u00f3nico <a href=\"mailto:984108808@asturfuel.com\">984108808@asturfuel.com<\/a> o visitar los siguientes enlaces:<\/p>\n<ul>\n<li><a href=\"https:\/\/www.asturfuel.com\/web\/aviso-legal\/\"><u>Aviso legal<\/u><\/a><\/li>\n<li><a href=\"https:\/\/www.asturfuel.com\/web\/terminos-y-condiciones\/\"><u>T\u00e9rminos y condiciones<\/u><\/a><\/li>\n<li><a href=\"https:\/\/www.asturfuel.com\/web\/politica-de-privacidad\/\"><u>Pol\u00edtica de Privacidad<\/u><\/a><\/li>\n<\/ul>\n<p>Para otras cuestiones en este \u00e1mbito, puede visitar la web de la Agencia Espa\u00f1ola de Protecci\u00f3n de Datos (AEPD): <a href=\"https:\/\/www.aepd.es\/es\">https:\/\/www.aepd.es\/es<\/a>.<\/p>\n<p>GARANT\u00c9 DATOS, S.L. \u00a9 2022. Aviso legal y pol\u00edticas redactados por GARANT\u00c9 DATOS, S.L., para ASTURFUEL, S.L., en cumplimiento de la actual legislaci\u00f3n en materia de protecci\u00f3n de datos de car\u00e1cter personal; la Ley 34\/2002, de 11 de julio, de Servicios de la Sociedad de la Informaci\u00f3n y del Comercio Electr\u00f3nico (LSSI-CE) y dem\u00e1s normativa aplicable al efecto. Los contenidos de este Aviso Legal y pol\u00edticas complementarias se encuentran registrados en el Registro General de la Propiedad Intelectual con n\u00famero de asiento registral 05\/2017\/420.<\/p>\n","protected":false},"excerpt":{"rendered":"<p>Informaci\u00f3n b\u00e1sica sobre protecci\u00f3n de datos Responsable del tratamiento ASTURFUEL, S.L. Finalidad del tratamiento Navegaci\u00f3n por la web y mejora de la experiencia del usuario. Legitimaci\u00f3n para el tratamiento de sus datos personales Consentimiento del interesado, inter\u00e9s leg\u00edtimo del responsable. &hellip;<\/p>\n<p class=\"read-more\"> <a class=\"more-link\" href=\"https:\/\/www.asturfuel.com\/web\/politica-de-cookies\/\"> <span class=\"screen-reader-text\">Politica de cookies<\/span> Leer m\u00e1s \u00bb<\/a><\/p>\n","protected":false},"author":1,"featured_media":0,"parent":0,"menu_order":0,"comment_status":"closed","ping_status":"closed","template":"","meta":{"footnotes":""},"class_list":["post-275","page","type-page","status-publish","hentry"],"_links":{"self":[{"href":"https:\/\/www.asturfuel.com\/web\/wp-json\/wp\/v2\/pages\/275","targetHints":{"allow":["GET"]}}],"collection":[{"href":"https:\/\/www.asturfuel.com\/web\/wp-json\/wp\/v2\/pages"}],"about":[{"href":"https:\/\/www.asturfuel.com\/web\/wp-json\/wp\/v2\/types\/page"}],"author":[{"embeddable":true,"href":"https:\/\/www.asturfuel.com\/web\/wp-json\/wp\/v2\/users\/1"}],"replies":[{"embeddable":true,"href":"https:\/\/www.asturfuel.com\/web\/wp-json\/wp\/v2\/comments?post=275"}],"version-history":[{"count":21,"href":"https:\/\/www.asturfuel.com\/web\/wp-json\/wp\/v2\/pages\/275\/revisions"}],"predecessor-version":[{"id":436,"href":"https:\/\/www.asturfuel.com\/web\/wp-json\/wp\/v2\/pages\/275\/revisions\/436"}],"wp:attachment":[{"href":"https:\/\/www.asturfuel.com\/web\/wp-json\/wp\/v2\/media?parent=275"}],"curies":[{"name":"wp","href":"https:\/\/api.w.org\/{rel}","templated":true}]}}