{"id":69,"date":"2014-10-09T14:25:17","date_gmt":"2014-10-09T12:25:17","guid":{"rendered":"http:\/\/www.asturfuel.com\/web\/?page_id=69"},"modified":"2024-02-26T21:42:00","modified_gmt":"2024-02-26T19:42:00","slug":"gasoleo-b","status":"publish","type":"page","link":"https:\/\/www.asturfuel.com\/web\/productos\/gasoleo-b\/","title":{"rendered":"Gasoleo B"},"content":{"rendered":"<h3><a href=\"http:\/\/www.asturfuel.com\/web\/wp-content\/uploads\/2014\/11\/GOB.jpg\"><img loading=\"lazy\" decoding=\"async\" class=\"wp-image-218 size-thumbnail aligncenter\" src=\"http:\/\/www.asturfuel.com\/web\/wp-content\/uploads\/2014\/11\/GOB-150x150.jpg\" alt=\"GOB\" width=\"150\" height=\"150\" \/><\/a><\/h3>\n<h3 style=\"text-align: justify;\">Descripci\u00f3n:<\/h3>\n<p style=\"text-align: justify;\">El gas\u00f3leo del tipo B es el destinado a uso agr\u00edcola, aunque tambi\u00e9n puede ser usado como combustible de calefacci\u00f3n. Su color original es transparente aunque, antes de salir de la planta de carga (CLH habitualmente), se le a\u00f1ade un colorante rojo que permite distinguirlo de los otros dos tipos de gas\u00f3leo. Sus propiedades y composici\u00f3n son similares a las del gas\u00f3leo A pero, a diferencia de \u00e9ste, no tiene que ser mezclado con Biodiesel. La principal diferencia con el gas\u00f3leo de automoci\u00f3n radica en el precio. El gas\u00f3leo B tiene un tipo de impuestos reducido o bonificado -de ah\u00ed que tambi\u00e9n sea conocido con el nombre de \u00abGas\u00f3leo Bonificado\u00bb- lo que conlleva, por una parte, a una reducci\u00f3n del precio y, por otra, a un mayor control fiscal.<\/p>\n<p style=\"text-align: justify;\"><a href=\"http:\/\/www.asturfuel.com\/web\/wp-content\/uploads\/2014\/10\/GasoleoB.pdf\">Ficha t\u00e9cnica<\/a><\/p>\n<p style=\"text-align: justify;\">Nosotros, bas\u00e1ndonos en nuestra experiencia con este tipo de productos, recomendamos utilizar este tipo de gas\u00f3leo como combustible de calefacci\u00f3n.<\/p>\n<blockquote class=\"wp-embedded-content\" data-secret=\"3mlABRfvSc\"><p><a href=\"https:\/\/www.asturfuel.com\/web\/ufaq\/por-que-gasoleo-b-y-no-c-para-la-calefaccion\/\">\u00bfPor qu\u00e9 gas\u00f3leo B y no C para la calefacci\u00f3n?<\/a><\/p><\/blockquote>\n<p><iframe loading=\"lazy\" class=\"wp-embedded-content\" sandbox=\"allow-scripts\" security=\"restricted\" style=\"position: absolute; visibility: hidden;\" title=\"\u00ab\u00bfPor qu\u00e9 gas\u00f3leo B y no C para la calefacci\u00f3n?\u00bb \u2014 Asturfuel\" src=\"https:\/\/www.asturfuel.com\/web\/ufaq\/por-que-gasoleo-b-y-no-c-para-la-calefaccion\/embed\/#?secret=zuBoISufQC#?secret=3mlABRfvSc\" data-secret=\"3mlABRfvSc\" width=\"600\" height=\"338\" frameborder=\"0\" marginwidth=\"0\" marginheight=\"0\" scrolling=\"no\"><\/iframe><\/p>\n","protected":false},"excerpt":{"rendered":"<p>Descripci\u00f3n: El gas\u00f3leo del tipo B es el destinado a uso agr\u00edcola, aunque tambi\u00e9n puede ser usado como combustible de calefacci\u00f3n. Su color original es transparente aunque, antes de salir de la planta de carga (CLH habitualmente), se le a\u00f1ade &hellip;<\/p>\n<p class=\"read-more\"> <a class=\"more-link\" href=\"https:\/\/www.asturfuel.com\/web\/productos\/gasoleo-b\/\"> <span class=\"screen-reader-text\">Gasoleo B<\/span> Leer m\u00e1s \u00bb<\/a><\/p>\n","protected":false},"author":1,"featured_media":0,"parent":65,"menu_order":0,"comment_status":"closed","ping_status":"closed","template":"","meta":{"footnotes":""},"class_list":["post-69","page","type-page","status-publish","hentry"],"_links":{"self":[{"href":"https:\/\/www.asturfuel.com\/web\/wp-json\/wp\/v2\/pages\/69","targetHints":{"allow":["GET"]}}],"collection":[{"href":"https:\/\/www.asturfuel.com\/web\/wp-json\/wp\/v2\/pages"}],"about":[{"href":"https:\/\/www.asturfuel.com\/web\/wp-json\/wp\/v2\/types\/page"}],"author":[{"embeddable":true,"href":"https:\/\/www.asturfuel.com\/web\/wp-json\/wp\/v2\/users\/1"}],"replies":[{"embeddable":true,"href":"https:\/\/www.asturfuel.com\/web\/wp-json\/wp\/v2\/comments?post=69"}],"version-history":[{"count":9,"href":"https:\/\/www.asturfuel.com\/web\/wp-json\/wp\/v2\/pages\/69\/revisions"}],"predecessor-version":[{"id":555,"href":"https:\/\/www.asturfuel.com\/web\/wp-json\/wp\/v2\/pages\/69\/revisions\/555"}],"up":[{"embeddable":true,"href":"https:\/\/www.asturfuel.com\/web\/wp-json\/wp\/v2\/pages\/65"}],"wp:attachment":[{"href":"https:\/\/www.asturfuel.com\/web\/wp-json\/wp\/v2\/media?parent=69"}],"curies":[{"name":"wp","href":"https:\/\/api.w.org\/{rel}","templated":true}]}}