{"id":9,"date":"2014-10-08T13:14:13","date_gmt":"2014-10-08T13:14:13","guid":{"rendered":"http:\/\/www.asturfuel.com\/web\/?page_id=9"},"modified":"2015-01-30T22:35:15","modified_gmt":"2015-01-30T20:35:15","slug":"sobre-nosotros","status":"publish","type":"page","link":"https:\/\/www.asturfuel.com\/web\/sobre-nosotros\/","title":{"rendered":"Sobre nosotros"},"content":{"rendered":"<p style=\"text-align: justify;\"><span style=\"font-size: 36pt;\">A<\/span>sturfuel es una empresa jove<a href=\"http:\/\/www.asturfuel.com\/web\/wp-content\/uploads\/2014\/10\/Imagen-012-2.jpg\"><img loading=\"lazy\" decoding=\"async\" class=\"size-medium wp-image-59 alignleft\" src=\"http:\/\/www.asturfuel.com\/web\/wp-content\/uploads\/2014\/10\/Imagen-012-2-300x200.jpg\" alt=\"Imagen 012-2\" width=\"300\" height=\"200\" srcset=\"https:\/\/www.asturfuel.com\/web\/wp-content\/uploads\/2014\/10\/Imagen-012-2-300x200.jpg 300w, https:\/\/www.asturfuel.com\/web\/wp-content\/uploads\/2014\/10\/Imagen-012-2-734x490.jpg 734w, https:\/\/www.asturfuel.com\/web\/wp-content\/uploads\/2014\/10\/Imagen-012-2-367x245.jpg 367w, https:\/\/www.asturfuel.com\/web\/wp-content\/uploads\/2014\/10\/Imagen-012-2.jpg 1024w\" sizes=\"auto, (max-width: 300px) 100vw, 300px\" \/><\/a>n que nace\u00a0 en el a\u00f1o 2010 y comienza su andadura en el 2011, buscando dar el mejor\u00a0servicio a domicilio de gas\u00f3leo de calefacci\u00f3n al cliente particular y a las peque\u00f1as empresas.<\/p>\n<p style=\"text-align: justify;\">Aunque el nacimiento de Asturfuel es reciente, nuestra historia en el mundo empresarial en general, y en el mundo del servicio de gas\u00f3leos a domicilio en particular, cuenta con varias d\u00e9cadas de experiencia. Esto nos ha permitido establecernos en un mercado en las condiciones actuales y cumplir nuestros objetivos de calidad y servicio durante estos a\u00f1os.<\/p>\n<p>&nbsp;<\/p>\n<p style=\"text-align: justify;\">Disponemos de veh\u00edculos adaptados a nuestra geograf\u00eda que nos permiten llegar a sitios de dif\u00edcil acceso. Todos est\u00e1n equipados con los m\u00e1s modernos sistemas de medici\u00f3n, carga y descarga, y cuentan con todos los certificados necesarios para el transporte y suministro de gas\u00f3leos.<\/p>\n<p><a href=\"http:\/\/www.asturfuel.com\/web\/wp-content\/uploads\/2014\/10\/Imagen-006-2.jpg\"><img loading=\"lazy\" decoding=\"async\" class=\"alignleft wp-image-52 size-medium\" src=\"http:\/\/www.asturfuel.com\/web\/wp-content\/uploads\/2014\/10\/Imagen-005-22-300x200.jpg\" alt=\"\" width=\"300\" height=\"200\" srcset=\"https:\/\/www.asturfuel.com\/web\/wp-content\/uploads\/2014\/10\/Imagen-005-22-300x200.jpg 300w, https:\/\/www.asturfuel.com\/web\/wp-content\/uploads\/2014\/10\/Imagen-005-22-734x490.jpg 734w, https:\/\/www.asturfuel.com\/web\/wp-content\/uploads\/2014\/10\/Imagen-005-22-367x245.jpg 367w, https:\/\/www.asturfuel.com\/web\/wp-content\/uploads\/2014\/10\/Imagen-005-22.jpg 1024w\" sizes=\"auto, (max-width: 300px) 100vw, 300px\" \/><img loading=\"lazy\" decoding=\"async\" class=\" wp-image-58 size-medium aligncenter\" src=\"http:\/\/www.asturfuel.com\/web\/wp-content\/uploads\/2014\/10\/Imagen-006-2-300x200.jpg\" alt=\"Cuba 2400 litros\" width=\"300\" height=\"200\" \/><\/a><\/p>\n<p>&nbsp;<\/p>\n<p style=\"text-align: justify;\">Somos un centro de distribuci\u00f3n independiente, sin vinculaci\u00f3n a ninguna compa\u00f1\u00eda petrolera, lo que nos permite trabajar con las m\u00e1s importantes:\u00a0BP, Cepsa, Saras Energ\u00eda, Galp Energ\u00eda&#8230; \u00a0Esto hace que podamos ofrecer\u00a0a nuestros clientes el producto de mayor calidad al precio m\u00e1s competitivo. Por otra parte, evitamos trasladar al cliente los costes impuestos muchas veces por dichas compa\u00f1\u00edas.<\/p>\n<p style=\"text-align: justify;\">Ponemos a disposici\u00f3n del cliente todos nuestros recursos, tanto humanos como log\u00edsticos, para ofrecer un servicio de calidad a precios de mercado.<\/p>\n","protected":false},"excerpt":{"rendered":"<p>Asturfuel es una empresa joven que nace\u00a0 en el a\u00f1o 2010 y comienza su andadura en el 2011, buscando dar el mejor\u00a0servicio a domicilio de gas\u00f3leo de calefacci\u00f3n al cliente particular y a las peque\u00f1as empresas. Aunque el nacimiento de &hellip;<\/p>\n<p class=\"read-more\"> <a class=\"more-link\" href=\"https:\/\/www.asturfuel.com\/web\/sobre-nosotros\/\"> <span class=\"screen-reader-text\">Sobre nosotros<\/span> Leer m\u00e1s \u00bb<\/a><\/p>\n","protected":false},"author":1,"featured_media":0,"parent":0,"menu_order":0,"comment_status":"closed","ping_status":"closed","template":"","meta":{"footnotes":""},"class_list":["post-9","page","type-page","status-publish","hentry"],"_links":{"self":[{"href":"https:\/\/www.asturfuel.com\/web\/wp-json\/wp\/v2\/pages\/9","targetHints":{"allow":["GET"]}}],"collection":[{"href":"https:\/\/www.asturfuel.com\/web\/wp-json\/wp\/v2\/pages"}],"about":[{"href":"https:\/\/www.asturfuel.com\/web\/wp-json\/wp\/v2\/types\/page"}],"author":[{"embeddable":true,"href":"https:\/\/www.asturfuel.com\/web\/wp-json\/wp\/v2\/users\/1"}],"replies":[{"embeddable":true,"href":"https:\/\/www.asturfuel.com\/web\/wp-json\/wp\/v2\/comments?post=9"}],"version-history":[{"count":21,"href":"https:\/\/www.asturfuel.com\/web\/wp-json\/wp\/v2\/pages\/9\/revisions"}],"predecessor-version":[{"id":268,"href":"https:\/\/www.asturfuel.com\/web\/wp-json\/wp\/v2\/pages\/9\/revisions\/268"}],"wp:attachment":[{"href":"https:\/\/www.asturfuel.com\/web\/wp-json\/wp\/v2\/media?parent=9"}],"curies":[{"name":"wp","href":"https:\/\/api.w.org\/{rel}","templated":true}]}}